{"id":717,"date":"2013-05-17T13:41:29","date_gmt":"2013-05-17T18:41:29","guid":{"rendered":"http:\/\/www.utn.edu.ec\/fica\/carreras\/textil\/?page_id=717"},"modified":"2013-05-20T12:07:19","modified_gmt":"2013-05-20T17:07:19","slug":"investigacion","status":"publish","type":"page","link":"https:\/\/textiles.utn.edu.ec\/?page_id=717","title":{"rendered":"Investigaci\u00f3n"},"content":{"rendered":"<h3 style=\"text-align: center; color: #000000;\">Investigaciones de la Carrera en Ingenier\u00eda Textil<\/h3>\n<figure id=\"attachment_312\" aria-describedby=\"caption-attachment-312\" style=\"width: 244px\" class=\"wp-caption alignleft\"><img loading=\"lazy\" class=\"size-medium wp-image-312\" style=\"margin: 5px; border: 1px solid black;\" title=\"maquina circular de rib\" src=\"http:\/\/www.utn.edu.ec\/fica\/carreras\/textil\/wp-content\/uploads\/2012\/05\/maquina-circular-de-ribb-244x300.jpg\" alt=\"\" width=\"244\" height=\"300\" srcset=\"https:\/\/textiles.utn.edu.ec\/wp-content\/uploads\/2012\/05\/maquina-circular-de-ribb-244x300.jpg 244w, https:\/\/textiles.utn.edu.ec\/wp-content\/uploads\/2012\/05\/maquina-circular-de-ribb.jpg 264w\" sizes=\"(max-width: 244px) 100vw, 244px\" \/><figcaption id=\"caption-attachment-312\" class=\"wp-caption-text\">Investigaci\u00f3n CITEX<\/figcaption><\/figure>\n<p style=\"text-align: justify;\"><span style=\"color: #000000;\">Todos los profesionales textiles deben estar conectados de acuerdo a los desarrollos tecnol\u00f3gicos de punta que ocupan una determinante posici\u00f3n en las \u00e1reas de investigaci\u00f3n del sector norte y del pa\u00eds. Sobre una planificaci\u00f3n adecuada de los principales y con la implementaci\u00f3n de procesos de calidad, efectividad y eficiencia. Con el CLUB DE BIOTECNOLOG\u00cdA TEXTIL DE LA INVESTIGACI\u00d3N, el mismo que contribuir\u00e1 al desarrollo tecnol\u00f3gico-cient\u00edfico de la Universidad.<\/span><\/p>\n","protected":false},"excerpt":{"rendered":"<p>Investigaciones de la Carrera en Ingenier\u00eda Textil Todos los profesionales textiles deben estar conectados de acuerdo a los desarrollos tecnol\u00f3gicos de punta que ocupan una determinante posici\u00f3n en las \u00e1reas de investigaci\u00f3n del sector norte y del pa\u00eds. Sobre una <a href=\"https:\/\/textiles.utn.edu.ec\/?page_id=717\" class=\"read-more\">Leer M\u00e1s [+] &#8230;<\/a><\/p>\n","protected":false},"author":6,"featured_media":0,"parent":0,"menu_order":6,"comment_status":"closed","ping_status":"open","template":"","meta":[],"_links":{"self":[{"href":"https:\/\/textiles.utn.edu.ec\/index.php?rest_route=\/wp\/v2\/pages\/717"}],"collection":[{"href":"https:\/\/textiles.utn.edu.ec\/index.php?rest_route=\/wp\/v2\/pages"}],"about":[{"href":"https:\/\/textiles.utn.edu.ec\/index.php?rest_route=\/wp\/v2\/types\/page"}],"author":[{"embeddable":true,"href":"https:\/\/textiles.utn.edu.ec\/index.php?rest_route=\/wp\/v2\/users\/6"}],"replies":[{"embeddable":true,"href":"https:\/\/textiles.utn.edu.ec\/index.php?rest_route=%2Fwp%2Fv2%2Fcomments&post=717"}],"version-history":[{"count":3,"href":"https:\/\/textiles.utn.edu.ec\/index.php?rest_route=\/wp\/v2\/pages\/717\/revisions"}],"predecessor-version":[{"id":834,"href":"https:\/\/textiles.utn.edu.ec\/index.php?rest_route=\/wp\/v2\/pages\/717\/revisions\/834"}],"wp:attachment":[{"href":"https:\/\/textiles.utn.edu.ec\/index.php?rest_route=%2Fwp%2Fv2%2Fmedia&parent=717"}],"curies":[{"name":"wp","href":"https:\/\/api.w.org\/{rel}","templated":true}]}}